en 168 is divided by 40.
8
Calculate the remainder when 49329 is divided by 12.
9
What is the remainder when 623 is divided by 33?
29
Calculate the remainder when 4299 is divided by 64.
11
What is the remainder when 272 is divided by 48?
32
What is the remainder when 287 is divided by 10?
7
Calculate the remainder when 1075 is divided by 98.
95
Calculate the remainder when 398 is divided by 78.
8
What is the remainder when 1311 is divided by 215?
21
Calculate the remainder when 800 is divided by 153.
35
What is the remainder when 99 is divided by 37?
25
Calculate the remainder when 2286 is divided by 71.
14
Calculate the remainder when 5807 is divided by 33.
32
Calculate the remainder when 376 is divided by 8.
0
What is the remainder when 145 is divided by 141?
4
What is the remainder when 1379 is divided by 56?
35
What is the remainder when 57 is divided by 21?
15
Calculate the remainder when 786 is divided by 209.
159
Calculate the remainder when 669 is divided by 112.
109
What is the remainder when 366 is divided by 5?
1
What is the remainder when 6537 is divided by 13?
11
What is the remainder when 454 is divided by 23?
17
What is the remainder when 267 is divided by 256?
11
What is the remainder when 165 is divided by 24?
21
What is the remainder when 36139 is divided by 26?
25
Calculate the remainder when 6084 is divided by 34.
32
What is the remainder when 5351 is divided by 101?
99
Calculate the remainder when 418 is divided by 84.
82
Calculate the remainder when 1156 is divided by 20.
16
What is the remainder when 2145 is divided by 50?
45
Calculate the remainder when 803 is divided by 23.
21
Calculate the remainder when 921 is divided by 7.
4
What is the remainder when 577 is divided by 3?
1
What is the remainder when 145 is divided by 55?
35
Calculate the remainder when 487 is divided by 14.
11
What is the remainder when 3359 is divided by 22?
15
Calculate the remainder when 2648 is divided by 10.
8
What is the remainder when 6961 is divided by 81?
76
What is the remainder when 3226 is divided by 1611?
4
What is the remainder when 241 is divided by 80?
1
What is the remainder when 492 is divided by 33?
30
What is the remainder when 2572 is divided by 11?
9
Calculate the remainder when 180 is divided by 30.
0
What is the remainder when 37267 is divided by 242?
241
Calculate the remainder when 603 is divided by 61.
54
Calculate the remainder when 103 is divided by 11.
4
Calculate the remainder when 21 is divided by 13.
8
What is the remainder when 547 is divided by 25?
22
Calculate the remainder when 177 is divided by 92.
85
Calculate the remainder when 1028 is divided by 205.
3
What is the remainder when 433 is divided by 77?
48
Calculate the remainder when 1772 is divided by 36.
8
Calculate the remainder when 7237 is divided by 77.
76
Calculate the remainder when 339 is divided by 137.
65
Calculate the remainder when 193 is divided by 34.
23
What is the remainder when 491 is divided by 55?
51
What is the remainder when 203 is divided by 7?
0
What is the remainder when 275 is divided by 31?
27
Calculate the remainder when 228 is divided by 21.
18
What is the remainder when 1338 is divided by 1321?
17
What is the remainder when 4776 is divided by 4772?
4
What is the remainder when 73 is divided by 11?
7
What is the remainder when 73 is divided by 14?
3
What is the remainder when 162 is divided by 161?
1
What is the remainder when 1008 is divided by 996?
12
Calculate the remainder when 854 is divided by 57.
56
Calculate the remainder when 803 is divided by 72.
11
What is the remainder when 156 is divided by 41?
33
Calculate the remainder when 367 is divided by 92.
91
Calculate the remainder when 194 is divided by 18.
14
Calculate the remainder when 10350 is divided by 21.
18
Calculate the remainder when 12308 is divided by 18.
14
What is the remainder when 119 is divided by 4?
3
What is the remainder when 1255 is divided by 114?
1
What is the remainder when 511 is divided by 368?
143
Calculate the remainder when 833 is divided by 198.
41
What is the remainder when 8584 is divided by 64?
8
Calculate the remainder when 1779 is divided by 27.
24
Calculate the remainder when 95 is divided by 44.
7
Calculate the remainder when 1006 is divided by 84.
82
Calculate the remainder when 109 is divided by 21.
4
Calculate the remainder when 28 is divided by 12.
4
Calculate the remainder when 519 is divided by 9.
6
Calculate the remainder when 148 is divided by 19.
15
Calculate the remainder when 3370 is divided by 12.
10
What is the remainder when 72 is divided by 15?
12
Calculate the remainder when 1149 is divided by 22.
5
Calculate the remainder when 1387 is divided by 13.
9
Calculate the remainder when 905 is divided by 83.
75
Calculate the remainder when 172 is divided by 6.
4
What is the remainder when 235 is divided by 14?
11
Calculate the remainder when 2644 is divided by 127.
104
Calculate the remainder when 124 is divided by 26.
20
Calculate the remainder when 462 is divided by 141.
39
What is the remainder when 1995 is divided by 988?
19
Calculate the remainder when 8565 is divided by 36.
33
What is the remainder when 1362 is divided by 11?
9
Calculate the remainder when 103 is divided by 15.
13
What is the remainder when 3330 is divided by 35?
5
What is the remainder when 112 is divided by 29?
25
Calculate the remainder when 296 is divided by 13.
10
Calculate the remainder when 1342 is divided by 96.
94
What is the remainder when 419 is divided by 213?
206
What is the remainder when 505 is divided by 186?
133
What is the remainder when 694 is divided by 34?
14
Calculate the remainder when 27 is divided by 2.
1
What is the remainder when 1497 is divided by 40?
17
What is the remainder when 254 is divided by 6?
2
Calculate the remainder when 361 is divided by 56.
25
What is the remainder when 2980 is divided by 29?
22
Calculate the remainder when 447 is divided by 56.
55
What is the remainder when 377 is divided by 38?
35
What is the remainder when 328 is divided by 67?
60
Calculate the remainder when 133 is divided by 49.
35
Calculate the remainder when 382 is divided by 81.
58
What is the remainder when 42 is divided by 13?
3
What is the remainder when 1050 is divided by 262?
2
Calculate the remainder when 182 is divided by 173.
9
Calculate the remainder when 310 is divided by 52.
50
What is the remainder when 175 is divided by 22?
21
What is the remainder when 196 is divided by 42?
28
Calculate the remainder when 47 is divided by 29.
18
Calculate the remainder when 2523 is divided by 25.
23
What is the remainder when 1763 is divided by 20?
3
Calculate the remainder when 10 is divided by 7.
3
What is the remainder when 2098 is divided by 116?
10
Calculate the remainder when 75 is divided by 46.
29
Calculate the remainder when 398 is divided by 184.
30
What is the remainder when 1888 is divided by 70?
68
What is the remainder when 151 is divided by 55?
41
What is the remainder when 539 is divided by 68?
63
What is the remainder when 1761 is divided by 1751?
10
What is the remainder when 1295 is divided by 22?
19
Calculate the remainder when 1729 is divided by 51.
46
Calculate the remainder when 279 is divided by 235.
44
Calculate the remainder when 189 is divided by 20.
9
What is the remainder when 2130 is divided by 41?
39
Calculate the remainder when 117 is divided by 25.
17
What is the remainder when 4041 is divided by 448?
9
What is the remainder when 254 is divided by 64?
62
What is the remainder when 1982 is divided by 21?
8
Calculate the remainder when 1204 is divided by 239.
9
What is the remainder when 205 is divided by 9?
7
What is the remainder when 171 is divided by 6?
3
Calculate the remainder when 2219 is divided by 552.
11
What is the remainder when 821 is divided by 16?
5
What is the remainder when 3573 is divided by 13?
11
What is the remainder when 101455 is divided by 68?
67
What is the remainder when 270 is divided by 26?
10
What is the remainder when 130 is divided by 29?
14
Calculate the remainder when 129 is divided by 10.
9
Calculate the remainder when 3736 is divided by 21.
19
Calculate the remainder when 657 is divided by 146.
73
Calculate the remainder when 9371 is divided by 103.
101
Calculate the remainde